{"id":426,"date":"2023-10-09T23:28:38","date_gmt":"2023-10-09T21:28:38","guid":{"rendered":"https:\/\/szablony.studiowww11.usermd.net\/g07\/?page_id=426"},"modified":"2023-11-09T13:22:10","modified_gmt":"2023-11-09T12:22:10","slug":"coaching-zyciowy","status":"publish","type":"page","link":"https:\/\/szablony.studiowww.com.pl\/07\/coaching-zyciowy\/","title":{"rendered":"Coaching \u017cyciowy"},"content":{"rendered":"\t\t<div data-elementor-type=\"wp-page\" data-elementor-id=\"426\" class=\"elementor elementor-426\" data-elementor-post-type=\"page\">\n\t\t\t\t<div class=\"elementor-element elementor-element-115a169c e-flex e-con-boxed e-con e-parent\" data-id=\"115a169c\" data-element_type=\"container\" data-settings=\"{&quot;background_background&quot;:&quot;classic&quot;}\">\n\t\t\t\t\t<div class=\"e-con-inner\">\n\t\t<div class=\"elementor-element elementor-element-41c48bcc e-con-full e-flex e-con e-child\" data-id=\"41c48bcc\" data-element_type=\"container\">\n\t\t\t\t<div class=\"elementor-element elementor-element-32ef01d7 elementor-widget elementor-widget-image\" data-id=\"32ef01d7\" data-element_type=\"widget\" data-widget_type=\"image.default\">\n\t\t\t\t<div class=\"elementor-widget-container\">\n\t\t\t\t\t\t\t\t\t\t\t\t\t\t\t<img fetchpriority=\"high\" decoding=\"async\" width=\"1333\" height=\"1333\" src=\"https:\/\/szablony.studiowww.com.pl\/07\/wp-content\/uploads\/2023\/10\/annajpg-020.jpg\" class=\"attachment-full size-full wp-image-234\" alt=\"\" srcset=\"https:\/\/szablony.studiowww.com.pl\/07\/wp-content\/uploads\/2023\/10\/annajpg-020.jpg 1333w, https:\/\/szablony.studiowww.com.pl\/07\/wp-content\/uploads\/2023\/10\/annajpg-020-300x300.jpg 300w, https:\/\/szablony.studiowww.com.pl\/07\/wp-content\/uploads\/2023\/10\/annajpg-020-1024x1024.jpg 1024w, https:\/\/szablony.studiowww.com.pl\/07\/wp-content\/uploads\/2023\/10\/annajpg-020-150x150.jpg 150w, https:\/\/szablony.studiowww.com.pl\/07\/wp-content\/uploads\/2023\/10\/annajpg-020-768x768.jpg 768w\" sizes=\"(max-width: 1333px) 100vw, 1333px\" \/>\t\t\t\t\t\t\t\t\t\t\t\t\t\t\t<\/div>\n\t\t\t\t<\/div>\n\t\t\t\t<\/div>\n\t\t<div class=\"elementor-element elementor-element-1366a471 e-con-full e-flex e-con e-child\" data-id=\"1366a471\" data-element_type=\"container\">\n\t\t\t\t<div class=\"elementor-element elementor-element-24f75c09 elementor-widget-tablet__width-initial elementor-invisible elementor-widget elementor-widget-heading\" data-id=\"24f75c09\" data-element_type=\"widget\" data-settings=\"{&quot;_animation&quot;:&quot;fadeInUp&quot;,&quot;_animation_delay&quot;:200}\" data-widget_type=\"heading.default\">\n\t\t\t\t<div class=\"elementor-widget-container\">\n\t\t\t\t\t<h2 class=\"elementor-heading-title elementor-size-default\">Coaching \u017cyciowy<\/h2>\t\t\t\t<\/div>\n\t\t\t\t<\/div>\n\t\t\t\t<div class=\"elementor-element elementor-element-62c175cd elementor-invisible elementor-widget elementor-widget-text-editor\" data-id=\"62c175cd\" data-element_type=\"widget\" data-settings=\"{&quot;_animation&quot;:&quot;fadeIn&quot;,&quot;_animation_delay&quot;:250}\" data-widget_type=\"text-editor.default\">\n\t\t\t\t<div class=\"elementor-widget-container\">\n\t\t\t\t\t\t\t\t\t<p>Lorem ipsum dolor sit amet, consectetur adipiscing elit. Nulla vitae tempus mi. Nam erat diam, ultricies quis malesuada quis.<\/p>\t\t\t\t\t\t\t\t<\/div>\n\t\t\t\t<\/div>\n\t\t\t\t<\/div>\n\t\t\t\t\t<\/div>\n\t\t\t\t<\/div>\n\t\t<div class=\"elementor-element elementor-element-15dc4a7f e-flex e-con-boxed e-con e-parent\" data-id=\"15dc4a7f\" data-element_type=\"container\" data-settings=\"{&quot;background_background&quot;:&quot;classic&quot;}\">\n\t\t\t\t\t<div class=\"e-con-inner\">\n\t\t<div class=\"elementor-element elementor-element-585d0398 e-con-full e-flex e-con e-child\" data-id=\"585d0398\" data-element_type=\"container\">\n\t\t\t\t<div class=\"elementor-element elementor-element-da6ceb0 elementor-widget elementor-widget-text-editor\" data-id=\"da6ceb0\" data-element_type=\"widget\" data-widget_type=\"text-editor.default\">\n\t\t\t\t<div class=\"elementor-widget-container\">\n\t\t\t\t\t\t\t\t\t<p>Integer commodo eu turpis eu pretium. Aliquam vestibulum, sapien non venenatis consequat, tellus ipsum tempor lectus, in porttitor arcu nibh sit amet nulla. Vivamus porttitor nibh aliquam, lacinia nisi eu, mattis nisi. Morbi hendrerit ipsum eu felis accumsan finibus. Vivamus consequat sapien leo, nec convallis sapien consequat fringilla.<\/p>\t\t\t\t\t\t\t\t<\/div>\n\t\t\t\t<\/div>\n\t\t\t\t<\/div>\n\t\t<div class=\"elementor-element elementor-element-578a312a e-con-full e-flex e-con e-child\" data-id=\"578a312a\" data-element_type=\"container\">\n\t\t\t\t<div class=\"elementor-element elementor-element-28525f11 elementor-widget__width-initial elementor-widget elementor-widget-heading\" data-id=\"28525f11\" data-element_type=\"widget\" data-widget_type=\"heading.default\">\n\t\t\t\t<div class=\"elementor-widget-container\">\n\t\t\t\t\t<h2 class=\"elementor-heading-title elementor-size-default\">01\/<\/h2>\t\t\t\t<\/div>\n\t\t\t\t<\/div>\n\t\t\t\t<div class=\"elementor-element elementor-element-6174dfa9 jkit-equal-height-disable elementor-widget elementor-widget-jkit_icon_box\" data-id=\"6174dfa9\" data-element_type=\"widget\" data-widget_type=\"jkit_icon_box.default\">\n\t\t\t\t<div class=\"elementor-widget-container\">\n\t\t\t\t\t<div  class=\"jeg-elementor-kit jkit-icon-box icon-position- elementor-animation- jeg_module___69e4bf1be01d3\" ><div class=\"jkit-icon-box-wrapper hover-from-left\"><div class=\"icon-box icon-box-body\">\n                <h4 class=\"title\">Rozwijaj samo\u015bwiadomo\u015b\u0107 i ustawiaj znacz\u0105ce cele<\/h4><p class=\"icon-box-description\">Lorem ipsum dolor sit amet consectetur adipiscing, elit donec penatibus sociis sociosqu at vulputate, risus cubilia arcu <\/p>\n            <\/div>\n            \n            <\/div><\/div>\t\t\t\t<\/div>\n\t\t\t\t<\/div>\n\t\t\t\t<\/div>\n\t\t<div class=\"elementor-element elementor-element-1cdcb42 e-con-full e-flex e-con e-child\" data-id=\"1cdcb42\" data-element_type=\"container\">\n\t\t\t\t<div class=\"elementor-element elementor-element-79ec2222 elementor-widget__width-initial elementor-widget elementor-widget-heading\" data-id=\"79ec2222\" data-element_type=\"widget\" data-widget_type=\"heading.default\">\n\t\t\t\t<div class=\"elementor-widget-container\">\n\t\t\t\t\t<h2 class=\"elementor-heading-title elementor-size-default\">02\/<\/h2>\t\t\t\t<\/div>\n\t\t\t\t<\/div>\n\t\t\t\t<div class=\"elementor-element elementor-element-6f51a790 jkit-equal-height-disable elementor-widget elementor-widget-jkit_icon_box\" data-id=\"6f51a790\" data-element_type=\"widget\" data-widget_type=\"jkit_icon_box.default\">\n\t\t\t\t<div class=\"elementor-widget-container\">\n\t\t\t\t\t<div  class=\"jeg-elementor-kit jkit-icon-box icon-position- elementor-animation- jeg_module__1_69e4bf1be0b61\" ><div class=\"jkit-icon-box-wrapper hover-from-left\"><div class=\"icon-box icon-box-body\">\n                <h4 class=\"title\">Zbalansuj priorytety i skutecznie zarz\u0105dzaj czasem<\/h4><p class=\"icon-box-description\">Lorem ipsum dolor sit amet consectetur adipiscing, elit donec penatibus sociis sociosqu at vulputate, risus cubilia arcu <\/p>\n            <\/div>\n            \n            <\/div><\/div>\t\t\t\t<\/div>\n\t\t\t\t<\/div>\n\t\t\t\t<\/div>\n\t\t<div class=\"elementor-element elementor-element-6c9e99ba e-con-full e-flex e-con e-child\" data-id=\"6c9e99ba\" data-element_type=\"container\">\n\t\t\t\t<div class=\"elementor-element elementor-element-5b21fa87 elementor-widget__width-initial elementor-widget elementor-widget-heading\" data-id=\"5b21fa87\" data-element_type=\"widget\" data-widget_type=\"heading.default\">\n\t\t\t\t<div class=\"elementor-widget-container\">\n\t\t\t\t\t<h2 class=\"elementor-heading-title elementor-size-default\">03\/<\/h2>\t\t\t\t<\/div>\n\t\t\t\t<\/div>\n\t\t\t\t<div class=\"elementor-element elementor-element-642b9d1d jkit-equal-height-disable elementor-widget elementor-widget-jkit_icon_box\" data-id=\"642b9d1d\" data-element_type=\"widget\" data-widget_type=\"jkit_icon_box.default\">\n\t\t\t\t<div class=\"elementor-widget-container\">\n\t\t\t\t\t<div  class=\"jeg-elementor-kit jkit-icon-box icon-position- elementor-animation- jeg_module__2_69e4bf1be1458\" ><div class=\"jkit-icon-box-wrapper hover-from-left\"><div class=\"icon-box icon-box-body\">\n                <h4 class=\"title\">Buduj trwa\u0142e nawyki, kt\u00f3re przybli\u017c\u0105 Ci\u0119 do Twojego idea\u0142u<\/h4><p class=\"icon-box-description\">Lorem ipsum dolor sit amet consectetur adipiscing, elit donec penatibus sociis sociosqu at vulputate, risus cubilia arcu <\/p>\n            <\/div>\n            \n            <\/div><\/div>\t\t\t\t<\/div>\n\t\t\t\t<\/div>\n\t\t\t\t<\/div>\n\t\t<div class=\"elementor-element elementor-element-26e6ba50 e-con-full e-flex e-con e-child\" data-id=\"26e6ba50\" data-element_type=\"container\">\n\t\t\t\t<div class=\"elementor-element elementor-element-7319fe4d elementor-widget__width-initial elementor-widget elementor-widget-heading\" data-id=\"7319fe4d\" data-element_type=\"widget\" data-widget_type=\"heading.default\">\n\t\t\t\t<div class=\"elementor-widget-container\">\n\t\t\t\t\t<h2 class=\"elementor-heading-title elementor-size-default\">04\/<\/h2>\t\t\t\t<\/div>\n\t\t\t\t<\/div>\n\t\t\t\t<div class=\"elementor-element elementor-element-6d2e05a4 jkit-equal-height-disable elementor-widget elementor-widget-jkit_icon_box\" data-id=\"6d2e05a4\" data-element_type=\"widget\" data-widget_type=\"jkit_icon_box.default\">\n\t\t\t\t<div class=\"elementor-widget-container\">\n\t\t\t\t\t<div  class=\"jeg-elementor-kit jkit-icon-box icon-position- elementor-animation- jeg_module__3_69e4bf1be1b55\" ><div class=\"jkit-icon-box-wrapper hover-from-left\"><div class=\"icon-box icon-box-body\">\n                <h4 class=\"title\">Zyskaj pewno\u015b\u0107 siebie i podnie\u015b poprzeczk\u0119, Dawaj z siebie najwi\u0119cej w pracy<\/h4><p class=\"icon-box-description\">Lorem ipsum dolor sit amet consectetur adipiscing, elit donec penatibus sociis sociosqu at vulputate, risus cubilia arcu <\/p>\n            <\/div>\n            \n            <\/div><\/div>\t\t\t\t<\/div>\n\t\t\t\t<\/div>\n\t\t\t\t<\/div>\n\t\t\t\t\t<\/div>\n\t\t\t\t<\/div>\n\t\t<div class=\"elementor-element elementor-element-3d55aedc e-flex e-con-boxed e-con e-parent\" data-id=\"3d55aedc\" data-element_type=\"container\">\n\t\t\t\t\t<div class=\"e-con-inner\">\n\t\t<div class=\"elementor-element elementor-element-41c9e84e e-con-full e-flex e-con e-child\" data-id=\"41c9e84e\" data-element_type=\"container\">\n\t\t\t\t<div class=\"elementor-element elementor-element-144350aa elementor-widget elementor-widget-image\" data-id=\"144350aa\" data-element_type=\"widget\" data-widget_type=\"image.default\">\n\t\t\t\t<div class=\"elementor-widget-container\">\n\t\t\t\t\t\t\t\t\t\t\t\t\t\t\t<img decoding=\"async\" width=\"800\" height=\"534\" src=\"https:\/\/szablony.studiowww.com.pl\/07\/wp-content\/uploads\/2023\/10\/annajpg-022-1024x683.jpg\" class=\"attachment-large size-large wp-image-346\" alt=\"\" srcset=\"https:\/\/szablony.studiowww.com.pl\/07\/wp-content\/uploads\/2023\/10\/annajpg-022-1024x683.jpg 1024w, https:\/\/szablony.studiowww.com.pl\/07\/wp-content\/uploads\/2023\/10\/annajpg-022-300x200.jpg 300w, https:\/\/szablony.studiowww.com.pl\/07\/wp-content\/uploads\/2023\/10\/annajpg-022-768x512.jpg 768w, https:\/\/szablony.studiowww.com.pl\/07\/wp-content\/uploads\/2023\/10\/annajpg-022.jpg 1500w\" sizes=\"(max-width: 800px) 100vw, 800px\" \/>\t\t\t\t\t\t\t\t\t\t\t\t\t\t\t<\/div>\n\t\t\t\t<\/div>\n\t\t\t\t<\/div>\n\t\t<div class=\"elementor-element elementor-element-4755cc61 e-con-full e-flex e-con e-child\" data-id=\"4755cc61\" data-element_type=\"container\">\n\t\t\t\t<div class=\"elementor-element elementor-element-593bfbe4 elementor-widget elementor-widget-heading\" data-id=\"593bfbe4\" data-element_type=\"widget\" data-widget_type=\"heading.default\">\n\t\t\t\t<div class=\"elementor-widget-container\">\n\t\t\t\t\t<h2 class=\"elementor-heading-title elementor-size-default\">Gotowy, by stworzy\u0107 \u017cycie, kt\u00f3re Ci\u0119 inspiruje?<\/h2>\t\t\t\t<\/div>\n\t\t\t\t<\/div>\n\t\t\t\t<div class=\"elementor-element elementor-element-66ca9a43 elementor-widget elementor-widget-text-editor\" data-id=\"66ca9a43\" data-element_type=\"widget\" data-widget_type=\"text-editor.default\">\n\t\t\t\t<div class=\"elementor-widget-container\">\n\t\t\t\t\t\t\t\t\t<p>What&#8217;s includes :<\/p>\t\t\t\t\t\t\t\t<\/div>\n\t\t\t\t<\/div>\n\t\t\t\t<div class=\"elementor-element elementor-element-16ca96cd elementor-icon-list--layout-traditional elementor-list-item-link-full_width elementor-widget elementor-widget-icon-list\" data-id=\"16ca96cd\" data-element_type=\"widget\" data-widget_type=\"icon-list.default\">\n\t\t\t\t<div class=\"elementor-widget-container\">\n\t\t\t\t\t\t\t<ul class=\"elementor-icon-list-items\">\n\t\t\t\t\t\t\t<li class=\"elementor-icon-list-item\">\n\t\t\t\t\t\t\t\t\t\t\t<span class=\"elementor-icon-list-icon\">\n\t\t\t\t\t\t\t<i aria-hidden=\"true\" class=\"fas fa-check-circle\"><\/i>\t\t\t\t\t\t<\/span>\n\t\t\t\t\t\t\t\t\t\t<span class=\"elementor-icon-list-text\">45-minute 1:1 coaching sessions with your coach<\/span>\n\t\t\t\t\t\t\t\t\t<\/li>\n\t\t\t\t\t\t\t\t<li class=\"elementor-icon-list-item\">\n\t\t\t\t\t\t\t\t\t\t\t<span class=\"elementor-icon-list-icon\">\n\t\t\t\t\t\t\t<i aria-hidden=\"true\" class=\"fas fa-check-circle\"><\/i>\t\t\t\t\t\t<\/span>\n\t\t\t\t\t\t\t\t\t\t<span class=\"elementor-icon-list-text\">Celebrity sessions give you access to our full coaching team<\/span>\n\t\t\t\t\t\t\t\t\t<\/li>\n\t\t\t\t\t\t\t\t<li class=\"elementor-icon-list-item\">\n\t\t\t\t\t\t\t\t\t\t\t<span class=\"elementor-icon-list-icon\">\n\t\t\t\t\t\t\t<i aria-hidden=\"true\" class=\"fas fa-check-circle\"><\/i>\t\t\t\t\t\t<\/span>\n\t\t\t\t\t\t\t\t\t\t<span class=\"elementor-icon-list-text\">8+ group coaching sessions every month<\/span>\n\t\t\t\t\t\t\t\t\t<\/li>\n\t\t\t\t\t\t\t\t<li class=\"elementor-icon-list-item\">\n\t\t\t\t\t\t\t\t\t\t\t<span class=\"elementor-icon-list-icon\">\n\t\t\t\t\t\t\t<i aria-hidden=\"true\" class=\"fas fa-check-circle\"><\/i>\t\t\t\t\t\t<\/span>\n\t\t\t\t\t\t\t\t\t\t<span class=\"elementor-icon-list-text\">Instant access to our library of eCoaching content<\/span>\n\t\t\t\t\t\t\t\t\t<\/li>\n\t\t\t\t\t\t<\/ul>\n\t\t\t\t\t\t<\/div>\n\t\t\t\t<\/div>\n\t\t<div class=\"elementor-element elementor-element-418b9a22 e-con-full e-flex e-con e-child\" data-id=\"418b9a22\" data-element_type=\"container\">\n\t\t<div class=\"elementor-element elementor-element-2bddc7b7 e-con-full e-flex e-con e-child\" data-id=\"2bddc7b7\" data-element_type=\"container\">\n\t\t\t\t<div class=\"elementor-element elementor-element-5565065d elementor-mobile-align-left elementor-tablet-align-center elementor-widget elementor-widget-button\" data-id=\"5565065d\" data-element_type=\"widget\" data-widget_type=\"button.default\">\n\t\t\t\t<div class=\"elementor-widget-container\">\n\t\t\t\t\t\t\t\t\t<div class=\"elementor-button-wrapper\">\n\t\t\t\t\t<a class=\"elementor-button elementor-button-link elementor-size-sm\" href=\"https:\/\/szablony.studiowww.com.pl\/07\/kontakt\/\">\n\t\t\t\t\t\t<span class=\"elementor-button-content-wrapper\">\n\t\t\t\t\t\t<span class=\"elementor-button-icon\">\n\t\t\t\t<i aria-hidden=\"true\" class=\"icon icon-arrow-right\"><\/i>\t\t\t<\/span>\n\t\t\t\t\t\t\t\t\t<span class=\"elementor-button-text\">Kontakt<\/span>\n\t\t\t\t\t<\/span>\n\t\t\t\t\t<\/a>\n\t\t\t\t<\/div>\n\t\t\t\t\t\t\t\t<\/div>\n\t\t\t\t<\/div>\n\t\t\t\t<\/div>\n\t\t<div class=\"elementor-element elementor-element-197ef1c5 e-con-full e-flex e-con e-child\" data-id=\"197ef1c5\" data-element_type=\"container\">\n\t\t\t\t<div class=\"elementor-element elementor-element-39cbf2bf elementor-widget elementor-widget-jkit_heading\" data-id=\"39cbf2bf\" data-element_type=\"widget\" data-widget_type=\"jkit_heading.default\">\n\t\t\t\t<div class=\"elementor-widget-container\">\n\t\t\t\t\t<div  class=\"jeg-elementor-kit jkit-heading  align- align-tablet- align-mobile- jeg_module__4_69e4bf1be47bd\" ><div class=\"heading-section-title  display-inline-block\"><h2 class=\"heading-title\">Starting at <span class=\"style-color\"><span>$250<\/span><\/span> \/mo<\/h2><\/div><div class=\"heading-section-description\"><p>Save 10%\u00a0 membership!<\/p><\/div><\/div>\t\t\t\t<\/div>\n\t\t\t\t<\/div>\n\t\t\t\t<\/div>\n\t\t\t\t<\/div>\n\t\t\t\t<\/div>\n\t\t\t\t\t<\/div>\n\t\t\t\t<\/div>\n\t\t\t\t<\/div>\n\t\t","protected":false},"excerpt":{"rendered":"<p>Lorem ipsum dolor sit amet, consectetur adipiscing elit. Nulla vitae tempus mi. Nam erat diam, ultricies quis malesuada quis. Integer commodo eu turpis eu pretium. Aliquam vestibulum, sapien non venenatis consequat, tellus ipsum tempor lectus, in porttitor arcu nibh sit amet nulla. Vivamus porttitor nibh aliquam, lacinia nisi eu, mattis nisi. Morbi hendrerit ipsum eu [&hellip;]<\/p>\n","protected":false},"author":1,"featured_media":0,"parent":0,"menu_order":0,"comment_status":"closed","ping_status":"closed","template":"","meta":{"footnotes":""},"class_list":["post-426","page","type-page","status-publish","hentry"],"_links":{"self":[{"href":"https:\/\/szablony.studiowww.com.pl\/07\/wp-json\/wp\/v2\/pages\/426","targetHints":{"allow":["GET"]}}],"collection":[{"href":"https:\/\/szablony.studiowww.com.pl\/07\/wp-json\/wp\/v2\/pages"}],"about":[{"href":"https:\/\/szablony.studiowww.com.pl\/07\/wp-json\/wp\/v2\/types\/page"}],"author":[{"embeddable":true,"href":"https:\/\/szablony.studiowww.com.pl\/07\/wp-json\/wp\/v2\/users\/1"}],"replies":[{"embeddable":true,"href":"https:\/\/szablony.studiowww.com.pl\/07\/wp-json\/wp\/v2\/comments?post=426"}],"version-history":[{"count":7,"href":"https:\/\/szablony.studiowww.com.pl\/07\/wp-json\/wp\/v2\/pages\/426\/revisions"}],"predecessor-version":[{"id":557,"href":"https:\/\/szablony.studiowww.com.pl\/07\/wp-json\/wp\/v2\/pages\/426\/revisions\/557"}],"wp:attachment":[{"href":"https:\/\/szablony.studiowww.com.pl\/07\/wp-json\/wp\/v2\/media?parent=426"}],"curies":[{"name":"wp","href":"https:\/\/api.w.org\/{rel}","templated":true}]}}